y*m(a) + z*d(a). Calculate j(1).
16
Let y(j) = 3*j**2 - 1. Let q = 63 - 61. Suppose 5*x + 13 = 2*s, -x - 6 + 5 = -q*s. Calculate y(s).
2
Let w(c) = c**3 + c - 6. Let d be w(2). Let o be (-114)/42 - -3 - d/14. Let b(y) = y + 4. Let f(h) = -3*h - 8. Let m(v) = 5*b(v) + 2*f(v). Give m(o).
4
Suppose 3*p - 5*q - 41 = 0, p + 2*q + q - 9 = 0. Let o(d) = -15*d - 3*d + p*d. Give o(-3).
18
Let r(m) = -43*m**2 + 17*m - 65. Let k(v) = -165*v**2 + 69*v - 260. Let w(l) = -6*k(l) + 23*r(l). Give w(19).
-11
Let x(d) = -58*d**2 + 290*d - 5. Let g be x(5). Let n(q) = -q**3 - 5*q**2 - 7*q - 9. What is n(g)?
26
Let a(x) = -1. Suppose 8 - 14 = 2*f + 4*k, -5*k = 2*f + 7. Let l(d) = -d + 11. Let o(u) = f*l(u) - 3*a(u). Give o(9).
1
Let j(y) be the first derivative of -2*y**3/3 - 4*y**2 - 4*y + 2. Suppose 20901*u - 20904*u - 2*g = 0, -32 = 5*u - 2*g. Calculate j(u).
-4
Suppose 5*p + 17 = -2*t + 43, 3*t = -4*p + 18. Let u(c) = 6*c**3 + 3*c**2 + 6*c + 2. Calculate u(t).
-46
Let q(x) = 71*x**3 - x**2 - 2*x - 1. Let z be q(-1). Let v = z + 49. Let r = v - -22. Let f(i) = i**3 - i**2 - 1. Give f(r).
-1
Let o(v) = 2*v - 1. Suppose 3*h - 3*l + 2*l - 11 = 0, -3*h + 2*l = -13. Let y be o(h). Let i(p) = 12 + p**3 - 10 + p**2 - y*p + p**2. What is i(-4)?
-10
Let s(z) = 1 + 6*z + 2 - 2. Let k(p) = -p**3 - 19*p**2 - 53*p - 81. Let f be k(-16). Let m(y) = y. Let q(b) = f*s(b) + 4*m(b). What is q(-3)?
5
Let j(v) = 179 - 195 - 2*v - 3*v + 2*v. Let h be j(-7). Let k(o) be the first derivative of -o**2 - 1. Give k(h).
-10
Suppose -16*v + 1881 = -199. Suppose 0 = -4*a + v - 98. Let r(t) = -t**2 + 9*t + 5. Determine r(a).
13
Let b = 84 + -81. Suppose -m - b*m = -24. Let s(p) = 2*p - 9*p**3 - p**2 + m*p**3 + 4*p**3. What is s(2)?
8
Let d(p) = p**2 - 11*p - 8. Suppose 0 = 23*q - 33*q + 51 + 9. What is d(q)?
-38
Let g = -186 - -99. Let r = g - -78. Let x(y) = -8. Let c(m) = -m + 16. Let k(q) = -2*c(q) - 5*x(q). What is k(r)?
-10
Let g(r) = -3*r + 23 - 18 - 2*r + 4*r + 8. Let p be 10 + 8/32 - 2/8. Determine g(p).
3
Let v(y) = -y**2 - 14*y - 6. Suppose 38 = -49*x - 209 - 194. Calculate v(x).
39
Suppose -10 = -4*t - 42. Let y(l) = 104*l + 13 + 103*l + 20 + 96*l - 7 - 300*l. Calculate y(t).
2
Let o(r) = 10*r**2 + 20*r + 2. Let b(q) = -3*q**2 - 7*q - 1. Let u(f) = 7*b(f) + 2*o(f). Let a be 120/(-12) - 1 - -3. Calculate u(a).
5
Let b(p) be the second derivative of -13*p**3/2 - 116*p**2 + 2537*p. What is b(-6)?
2
Let l(z) = 5*z + 127. Suppose -391 = -6257*i + 6274*i. Give l(i).
12
Let j(l) = -19*l - 684. Let f be j(-36). Let m(v) = -11*v + 1. Calculate m(f).
1
Let c(t) = t**3 - 6*t**2 - 4*t + 7. Let z be (33/11)/(3/4). Let a be ((-9)/(-2))/(-12*z/(-64)). Determine c(a).
-17
Let h(f) = -36*f - 24. Let a(u) = -5*u - 3. Let l(z) = 24*z + 14. Let c(t) = 11*a(t) + 2*l(t). Let k(i) = 21*c(i) - 4*h(i). Calculate k(-9).
18
Let c(v) = 4*v**2 - v + 15. Let g(q) = -452*q + 2712. Let p be g(6). Give c(p).
15
Suppose -12*g + 90 = -18. Let q = 10 - g. Let f(p) be the first derivative of -7*p**2/2 + p - 4. Determine f(q).
-6
Let a(q) = -q + 6. Let x(y) = -8*y + 17. Let m be x(4). Let b be (-261)/(-3) + 3*5/m. Let o = b - 75. Determine a(o).
-5
Let u(c) be the second derivative of -c**5/20 + 7*c**4/2 - 247*c**3/6 + 37*c**2 + 599*c + 8. Calculate u(35).
4
Suppose -2 = -3*w - 3*g + 1, 5*w - 5*g = -25. Let d be (0*(-1)/w)/(12/6). Let n(q) = q + 1. Determine n(d).
1
Let l(r) = -r**3 + 2*r**2 - 7*r - 5. Let a(w) = -2*w**3 + w**2 - 8*w - 9. Let i(n) = 2*a(n) - 3*l(n). Calculate i(-5).
-3
Let z be 10/(-4)*(78/(-15) - 2). Let u be (-2 - (-3 + 0)) + 2. Suppose i = -k - 3*k + 21, 0 = -u*i + 3*k + z. Let g(w) = -w**2 + 9*w - 1. Calculate g(i).
-1
Let l(s) = -20*s - 204. Suppose -3*m - 9 = -3*q, 0 = -2*m - 3*q + 4213 - 4254. Give l(m).
-4
Let v(n) be the third derivative of n**7/2520 + n**6/120 - n**5/24 + 83*n**4/12 + 15*n**2 + 11. Let k(x) be the second derivative of v(x). What is k(-6)?
-5
Let i(m) = -7*m**2 + 13*m**2 - 5*m + 51 - 7*m**2 - 44. Suppose 0*j - 2*j = 0. Suppose 3*s + 4 + 11 = j. Calculate i(s).
7
Let o(f) = -f**3 - 14*f**2 + 50*f - 19. Let b be o(-17). Let j(n) be the first derivative of -n**3 - 2*n**2 - 3*n + 1. Calculate j(b).
-7
Let p(g) = g - 1. Suppose 17 = -4*v - 5*z, 0 = 2*z - 2 + 12. Suppose 5*k + 5*l - 45 = 0, 5*k - v*l + 3 = 76. Suppose -2*a = -k + 1. Determine p(a).
5
Let b(c) = -22*c**2 + 15*c + 8. Let q(r) = 7*r**2 - 4*r - 3. Let s(x) = -6*b(x) - 19*q(x). Give s(-12).
33
Suppose -j - 3 = -2*j, -4*j = 3*n + 24. Let b(u) = -4*u**2 - 4*u**2 + 46 - 6*u**2 - 63 - u**3 - 25*u. Determine b(n).
-5
Let f(p) = -15*p + 51. Suppose 0 = 21*d - 30 - 33. Give f(d).
6
Let z be ((-6)/(-3))/(39/(-741)). Let m(p) = -p**3 - 38*p**2 - 2*p - 88. Give m(z).
-12
Let n(s) = -4*s + 19. Let f be 279/(-39) + 24/156. Let p(h) = 4*h**3 + 29*h**2 + 5*h - 8. Let q be p(f). Give n(q).
-5
Let k = 365 + -368. Let t(r) = 5*r**2 - 9*r**2 + 4*r**2 + 2*r - 3 + r**2. Calculate t(k).
0
Let r = 6172 + -6184. Let a(o) = o**3 + 14*o**2 + 26*o + 17. What is a(r)?
-7
Let m(z) = 2*z**2 + 4*z - 12. Suppose -38 + 210 = -43*x. Give m(x).
4
Let q(x) = -x**3 - 41*x**2 - 2*x - 93. Let n be (-5 + 136/40)*5*6 + 7. Calculate q(n).
-11
Let z be (-4)/(-1) + -1 + (-28)/(-1). Suppose -23 = -z*y + 8*y. Let k(x) = -2*x + x + 3*x. Give k(y).
2
Let n(t) = -3*t - 39. Let r be n(-20). Suppose l + x + 2*x + 7 = 0, r = -3*l + x. Let i(u) = u**2 + 5*u - 9. Determine i(l).
5
Let c(a) = 5*a - 17. Let g be (-658)/(-564) + 23/6. Calculate c(g).
8
Suppose -19*a = -21*a + 192. Let o be (-1975)/(-20) - (21/12 - 1). Let w = o - a. Let z(y) = y**3 - 2*y + 1. Give z(w).
5
Let l(q) = -q**2 + 6*q + 8. Let w = 5495 + -5489. Calculate l(w).
8
Let x(f) = -f**3 + 10*f**2 + 11*f + 27. Let w be (22 + 585/(-27))/(0 - 1/(-33)). Give x(w).
27
Suppose -4*o - 2776 = 4*s, -73*o + 68*o = -2*s + 3498. Let p = -696 - o. Let n(a) = a**3 - 3*a**2 + a + 2. Calculate n(p).
0
Let t(w) be the third derivative of -2*w**6/15 - w**5/30 + w**3/6 - w**2 + 479*w + 3. Let s(i) = -i - 4. Let f be s(-5). What is t(f)?
-17
Let a(k) = k**3 + 5*k**2 - 3*k - 9. Let w be a(-5). Let v(i) = 88*i - 25. Let q(z) = -155*z + 49. Let t(h) = 4*q(h) + 7*v(h). Determine t(w).
-3
Let o be 46/(-230) + (-44)/(-120). Let w(v) be the second derivative of 5/2*v**2 + 0 + o*v**3 + 27*v. Determine w(-6).
-1
Suppose 32*w = 303 - 111. Let o be (-3)/(2 - (-21)/(-6)). Let h(g) = 2*g - 4 - g**o + 0*g + 4*g. Determine h(w).
-4
Let r(v) = -45*v**3 - 6*v**2 - v + 6. Let t(j) = -2*j**3 - j**2 + 1. Let n(c) = r(c) - 6*t(c). Calculate n(-1).
34
Let z(f) = f**2 + 2*f - 68. Let h = 6135 + -6146. Give z(h).
31
Let q(t) = -3*t**2 + 39*t - 8. Let x(u) = 16*u**2 - 209*u + 42. Let k(a) = 11*q(a) + 2*x(a). Determine k(11).
-4
Let b(v) be the first derivative of v**3/3 + 7*v**2/2 - 3*v + 498. What is b(-7)?
-3
Let v(k) = -10*k + 4 - 2 + 2 + 12*k**2 + 21*k**2 - 32*k**2. Give v(4).
-20
Let q be (-4)/((-1 + -1)*(-8 - -9)). Let o(h) = 2*h**q + 11*h**2 + 7 - 5*h + h - 7*h**2 - h**3. What is o(6)?
-17
Suppose -33*r - 42*r = -150. Let d(a) be the second derivative of 1/3*a**3 + 0 + 5/12*a**4 + 9*a - 1/2*a**r. Calculate d(1).
6
Let i be -7 + 3/5 + 6 + (-12)/(-30). Let s(l) = -2*l - 13. What is s(i)?
-13
Let f(l) be the second derivative of 3*l**4 - 6*l + 0 - 1/40*l**5 - 1/60*l**6 + 0*l**3 + 0*l**2. Let y(i) be the third derivative of f(i). Give y(-2).
21
Let i = -586 - -588. Let s(y) = 72*y + 77*y - 150*y. Determine s(i).
-2
Let f(d) = -2*d**3 - 16*d**2 - 30*d - 117. Let h be f(-7). Let k(y) = -2*y**2 - 18*y - 8. Determine k(h).
32
Let c(k) be the third derivative of k**6/120 + 2*k**5/5 - 25*k**4/24 - 7*k**3/6 - 585*k**2 + 2*k. Determine c(-25).
-7
Let d = -66 - -139. Suppose 10*o = -d + 223. Let x(w) = -4*w - 3*w + 12 + o*w - 7*w. What is x(0)?
12
Let k(y) = -4*y - 1. Suppose 0 = 3*c - 6 + 9, 5*h - 3*c + 17 = 0. Let r be 80/60*(h - -1). Determine k(r).
15
Suppose 0 = 23*j - 28*j + 15. Let s(i) = -4*i + 2*i + 1 + j*i. Let d(p) = 2*p**2 - p - 10. Let m(h) = -d(h) - 5*s(h). Give m(-4).
-11
Suppose -2*d + 4*f + 1 + 7 = 0, 0 = -f. Let z(r) be the first derivative of -3*r + 3/2*r**2 + 16 - 4/3*r**3 - 1/4*r**d. Calculate z(-5).
7
Let q(l) be the second derivative of -l**5/20 + l**4/2 - 5*l**3/3 + 5*l**2 - 1721*l. Determine q(6).
-50
Let u(t) = -2*t + 1. Le